{"id":27,"date":"2024-01-24T12:21:32","date_gmt":"2024-01-24T12:21:32","guid":{"rendered":"https:\/\/balanse.info\/akupunktur\/?page_id=27"},"modified":"2024-01-24T13:58:54","modified_gmt":"2024-01-24T13:58:54","slug":"behandling-og-kurs","status":"publish","type":"page","link":"https:\/\/balanse.info\/akupunktur\/behandling-og-kurs\/","title":{"rendered":"Behandling og kurs"},"content":{"rendered":"\n<p><strong>Innhold<\/strong><br>&#8211; <a href=\"#aku_moxa\" title=\"Akupunktur og moxa\">Akupunktur og moxa<\/a><br>&#8211; <a href=\"#ims_tp\" title=\"IMS og triggerpunktbehandling\">IMS og triggerpunktbehandling<\/a><br>&#8211; <a href=\"#kopping_massasje\" title=\"Kopping og massasje\">Kopping og massasje<\/a><br>&#8211; <a href=\"#kosthold\" title=\"Kostholdsveiledning\">Kostholdsveiledning<\/a><br>&#8211; <a href=\"#medi_qi_tai\" title=\"\">Meditasjon, qigong og taijiquan<\/a><\/p>\n\n\n\n<hr class=\"wp-block-separator has-alpha-channel-opacity\"\/>\n\n\n\n<p id=\"aku_moxa\" style=\"font-size:23px\"><strong>Akupunktur og moxa<\/strong><\/p>\n\n\n\n<p><strong>Akupunktur<\/strong>&nbsp;er en gammel kinesisk behandlingsform der man bruker n\u00e5ler og varmebehandling for \u00e5 gjenopprette energibalansene i kroppen. I tillegg til tradisjonell kinesisk akupunktur og moxibustion (brenning av urter) kan jeg ogs\u00e5 bruke triggerpunktbehandling, elektroakupunktur, kopping og tuina (kinesisk massasje).<\/p>\n\n\n\n<p>Jeg har ogs\u00e5 videreutdanning i akupunktur fra et vestlig medisinsk perspektiv og bruker IMS og triggerpunkbehandling, spesielt ifbm. muskel-skjelett lidelser og hodepine.<\/p>\n\n\n\n<p>En behandlingstime varer vanligvis fra 45 \u2013 60 minutter, f\u00f8rstegangskonsultasjon gjerne noe lenger, da jeg gj\u00f8r en grundig utredning som kan ta tid.<\/p>\n\n\n\n<p>Akupunktur brukes blant annet ved f\u00f8lgende lidelser:<\/p>\n\n\n\n<p>\u2013 Allergier<br>\u2013 Astma og luftveisproblemer<br>\u2013 Nedsatt immunforsvar<br>\u2013 H\u00f8yt blodtrykk<br>\u2013 Hodepine \/ migrene<br>\u2013 Rygg- og nakkesmerter<br>\u2013 Leddgikt<br>\u2013 Knesmerter<br>\u2013 Idrettsskader<br>\u2013 Andre muskel\/skjelett lidelser<br>\u2013 Stress<br>\u2013 Tr\u00f8tthet<br>\u2013 S\u00f8vnproblemer<br>\u2013 Mild angst \/ depresjon<br>\u2013 Ford\u00f8yelsesplager<br>\u2013 Urinveislidelser<br>\u2013 Menstruasjonssmerter<br>\u2013 Infertilitet<br>\u2013 Svangerskapskvalme<br>\u2013 Hetetokter \/ overgangsplager<\/p>\n\n\n\n<p id=\"ims_tp\" style=\"font-size:23px\"><strong>IMS og triggerpunktbehandling<\/strong><\/p>\n\n\n\n<p id=\"kopping_massasje\" style=\"font-size:23px\"><strong>Kopping og massasje<\/strong><\/p>\n\n\n\n<p><strong>Massasje<\/strong>&nbsp;har blitt brukt i tusenvis av \u00e5r som en metode for \u00e5 fjerne stress og&nbsp;spenninger og lindre ulike plager i kropp og sjel. Det er kanskje den eldste og mest utbredte formen for medisinsk praksis og er spesielt velegnet for kroniske plager. Massasje brukes bl.a. for \u00e5 styrke immunforsvaret, forbedre sirkulasjonen, f\u00e5 bedre ford\u00f8yelse, bedre muskeltonus, bedre kroppsholdning og sunnere hud (forebygger rynker). Ikke minst har massasje en en positiv virkning p\u00e5 hum\u00f8ret!&nbsp;Kinesisk massasje \u2013 tui na \u2013 bygger p\u00e5 samme prinsipper som akupunktur og kan utf\u00f8res med t\u00f8y p\u00e5 eller med olje p\u00e5 hud.<\/p>\n\n\n\n<p id=\"kosthold\" style=\"font-size:23px\"><strong>Kostholdsveiledning basert p\u00e5 TKM diagnose<\/strong><\/p>\n\n\n\n<p>Kostholdet&nbsp;er sentralt for helsen og en enkel kostholdsveiledning er ofte en integrert del av konsultasjonen hos meg som akupunkt\u00f8r. Jeg kan ogs\u00e5 hjelpe med individualiserte kostholdsplaner tilpasset den enkeltes behov og ubalanser<\/p>\n\n\n\n<p id=\"medi_qi_tai\" style=\"font-size:23px\"><strong>Meditasjon, qigong og taijiquan<\/strong><\/p>\n\n\n\n<p><strong>Qigong<\/strong>&nbsp;er en sv\u00e6rt gammel form for egentrening, hvor man ved hjelp av enkle bevegelser kan fjerne disharmoni og gjenopprette balansen i kropp og sjel. Jeg vil tilby kurs i ulike former for qigong til mine pasienter.<\/p>\n\n\n\n<p><strong>Taijiquan<\/strong>&nbsp;er en avansert form for kampkunst, selv om de fleste forbinder denne gamle treningsformen med langsomme bevegelser og harmoni. Taiji gj\u00f8r kroppen sterk og smidig, sinnet klart og er en sv\u00e6rt givende treningsmetode.<\/p>\n","protected":false},"excerpt":{"rendered":"<p>Innhold&#8211; Akupunktur og moxa&#8211; IMS og triggerpunktbehandling&#8211; Kopping og massasje&#8211; Kostholdsveiledning&#8211; Meditasjon, qigong og taijiquan Akupunktur og moxa Akupunktur&nbsp;er en gammel kinesisk behandlingsform der man bruker n\u00e5ler og varmebehandling for &hellip; <\/p>\n","protected":false},"author":1,"featured_media":0,"parent":0,"menu_order":0,"comment_status":"closed","ping_status":"closed","template":"","meta":{"_monsterinsights_skip_tracking":false,"_monsterinsights_sitenote_active":false,"_monsterinsights_sitenote_note":"","_monsterinsights_sitenote_category":0,"_uf_show_specific_survey":0,"_uf_disable_surveys":false,"footnotes":""},"class_list":["post-27","page","type-page","status-publish","hentry"],"yoast_head":"<!-- This site is optimized with the Yoast SEO plugin v27.2 - https:\/\/yoast.com\/product\/yoast-seo-wordpress\/ -->\n<title>Behandling og kurs - Balanse Akupunktur Voss<\/title>\n<meta name=\"robots\" content=\"index, follow, max-snippet:-1, max-image-preview:large, max-video-preview:-1\" \/>\n<link rel=\"canonical\" href=\"https:\/\/balanse.info\/akupunktur\/behandling-og-kurs\/\" \/>\n<meta property=\"og:locale\" content=\"en_GB\" \/>\n<meta property=\"og:type\" content=\"article\" \/>\n<meta property=\"og:title\" content=\"Behandling og kurs - Balanse Akupunktur Voss\" \/>\n<meta property=\"og:description\" content=\"Innhold&#8211; Akupunktur og moxa&#8211; IMS og triggerpunktbehandling&#8211; Kopping og massasje&#8211; Kostholdsveiledning&#8211; Meditasjon, qigong og taijiquan Akupunktur og moxa Akupunktur&nbsp;er en gammel kinesisk behandlingsform der man bruker n\u00e5ler og varmebehandling for &hellip;\" \/>\n<meta property=\"og:url\" content=\"https:\/\/balanse.info\/akupunktur\/behandling-og-kurs\/\" \/>\n<meta property=\"og:site_name\" content=\"Balanse Akupunktur Voss\" \/>\n<meta property=\"article:publisher\" content=\"https:\/\/www.facebook.com\/balanseakupunktur\" \/>\n<meta property=\"article:modified_time\" content=\"2024-01-24T13:58:54+00:00\" \/>\n<meta name=\"twitter:card\" content=\"summary_large_image\" \/>\n<meta name=\"twitter:label1\" content=\"Estimated reading time\" \/>\n\t<meta name=\"twitter:data1\" content=\"2 minutes\" \/>\n<script type=\"application\/ld+json\" class=\"yoast-schema-graph\">{\"@context\":\"https:\/\/schema.org\",\"@graph\":[{\"@type\":\"WebPage\",\"@id\":\"https:\/\/balanse.info\/akupunktur\/behandling-og-kurs\/\",\"url\":\"https:\/\/balanse.info\/akupunktur\/behandling-og-kurs\/\",\"name\":\"Behandling og kurs - Balanse Akupunktur Voss\",\"isPartOf\":{\"@id\":\"https:\/\/balanse.info\/akupunktur\/#website\"},\"datePublished\":\"2024-01-24T12:21:32+00:00\",\"dateModified\":\"2024-01-24T13:58:54+00:00\",\"breadcrumb\":{\"@id\":\"https:\/\/balanse.info\/akupunktur\/behandling-og-kurs\/#breadcrumb\"},\"inLanguage\":\"en-GB\",\"potentialAction\":[{\"@type\":\"ReadAction\",\"target\":[\"https:\/\/balanse.info\/akupunktur\/behandling-og-kurs\/\"]}]},{\"@type\":\"BreadcrumbList\",\"@id\":\"https:\/\/balanse.info\/akupunktur\/behandling-og-kurs\/#breadcrumb\",\"itemListElement\":[{\"@type\":\"ListItem\",\"position\":1,\"name\":\"Home\",\"item\":\"https:\/\/balanse.info\/akupunktur\/\"},{\"@type\":\"ListItem\",\"position\":2,\"name\":\"Behandling og kurs\"}]},{\"@type\":\"WebSite\",\"@id\":\"https:\/\/balanse.info\/akupunktur\/#website\",\"url\":\"https:\/\/balanse.info\/akupunktur\/\",\"name\":\"Balanse Akupunktur Voss\",\"description\":\"Arne Dagestad Morken, akupunkt\u00f8r MAF\",\"publisher\":{\"@id\":\"https:\/\/balanse.info\/akupunktur\/#organization\"},\"potentialAction\":[{\"@type\":\"SearchAction\",\"target\":{\"@type\":\"EntryPoint\",\"urlTemplate\":\"https:\/\/balanse.info\/akupunktur\/?s={search_term_string}\"},\"query-input\":{\"@type\":\"PropertyValueSpecification\",\"valueRequired\":true,\"valueName\":\"search_term_string\"}}],\"inLanguage\":\"en-GB\"},{\"@type\":\"Organization\",\"@id\":\"https:\/\/balanse.info\/akupunktur\/#organization\",\"name\":\"Balanse Akupunktur Voss\",\"url\":\"https:\/\/balanse.info\/akupunktur\/\",\"logo\":{\"@type\":\"ImageObject\",\"inLanguage\":\"en-GB\",\"@id\":\"https:\/\/balanse.info\/akupunktur\/#\/schema\/logo\/image\/\",\"url\":\"https:\/\/balanse.info\/akupunktur\/wp-content\/uploads\/2024\/01\/balanselogo_85x95.png\",\"contentUrl\":\"https:\/\/balanse.info\/akupunktur\/wp-content\/uploads\/2024\/01\/balanselogo_85x95.png\",\"width\":85,\"height\":95,\"caption\":\"Balanse Akupunktur Voss\"},\"image\":{\"@id\":\"https:\/\/balanse.info\/akupunktur\/#\/schema\/logo\/image\/\"},\"sameAs\":[\"https:\/\/www.facebook.com\/balanseakupunktur\",\"https:\/\/www.instagram.com\/balanse.akupunktur\/\"]}]}<\/script>\n<!-- \/ Yoast SEO plugin. -->","yoast_head_json":{"title":"Behandling og kurs - Balanse Akupunktur Voss","robots":{"index":"index","follow":"follow","max-snippet":"max-snippet:-1","max-image-preview":"max-image-preview:large","max-video-preview":"max-video-preview:-1"},"canonical":"https:\/\/balanse.info\/akupunktur\/behandling-og-kurs\/","og_locale":"en_GB","og_type":"article","og_title":"Behandling og kurs - Balanse Akupunktur Voss","og_description":"Innhold&#8211; Akupunktur og moxa&#8211; IMS og triggerpunktbehandling&#8211; Kopping og massasje&#8211; Kostholdsveiledning&#8211; Meditasjon, qigong og taijiquan Akupunktur og moxa Akupunktur&nbsp;er en gammel kinesisk behandlingsform der man bruker n\u00e5ler og varmebehandling for &hellip;","og_url":"https:\/\/balanse.info\/akupunktur\/behandling-og-kurs\/","og_site_name":"Balanse Akupunktur Voss","article_publisher":"https:\/\/www.facebook.com\/balanseakupunktur","article_modified_time":"2024-01-24T13:58:54+00:00","twitter_card":"summary_large_image","twitter_misc":{"Estimated reading time":"2 minutes"},"schema":{"@context":"https:\/\/schema.org","@graph":[{"@type":"WebPage","@id":"https:\/\/balanse.info\/akupunktur\/behandling-og-kurs\/","url":"https:\/\/balanse.info\/akupunktur\/behandling-og-kurs\/","name":"Behandling og kurs - Balanse Akupunktur Voss","isPartOf":{"@id":"https:\/\/balanse.info\/akupunktur\/#website"},"datePublished":"2024-01-24T12:21:32+00:00","dateModified":"2024-01-24T13:58:54+00:00","breadcrumb":{"@id":"https:\/\/balanse.info\/akupunktur\/behandling-og-kurs\/#breadcrumb"},"inLanguage":"en-GB","potentialAction":[{"@type":"ReadAction","target":["https:\/\/balanse.info\/akupunktur\/behandling-og-kurs\/"]}]},{"@type":"BreadcrumbList","@id":"https:\/\/balanse.info\/akupunktur\/behandling-og-kurs\/#breadcrumb","itemListElement":[{"@type":"ListItem","position":1,"name":"Home","item":"https:\/\/balanse.info\/akupunktur\/"},{"@type":"ListItem","position":2,"name":"Behandling og kurs"}]},{"@type":"WebSite","@id":"https:\/\/balanse.info\/akupunktur\/#website","url":"https:\/\/balanse.info\/akupunktur\/","name":"Balanse Akupunktur Voss","description":"Arne Dagestad Morken, akupunkt\u00f8r MAF","publisher":{"@id":"https:\/\/balanse.info\/akupunktur\/#organization"},"potentialAction":[{"@type":"SearchAction","target":{"@type":"EntryPoint","urlTemplate":"https:\/\/balanse.info\/akupunktur\/?s={search_term_string}"},"query-input":{"@type":"PropertyValueSpecification","valueRequired":true,"valueName":"search_term_string"}}],"inLanguage":"en-GB"},{"@type":"Organization","@id":"https:\/\/balanse.info\/akupunktur\/#organization","name":"Balanse Akupunktur Voss","url":"https:\/\/balanse.info\/akupunktur\/","logo":{"@type":"ImageObject","inLanguage":"en-GB","@id":"https:\/\/balanse.info\/akupunktur\/#\/schema\/logo\/image\/","url":"https:\/\/balanse.info\/akupunktur\/wp-content\/uploads\/2024\/01\/balanselogo_85x95.png","contentUrl":"https:\/\/balanse.info\/akupunktur\/wp-content\/uploads\/2024\/01\/balanselogo_85x95.png","width":85,"height":95,"caption":"Balanse Akupunktur Voss"},"image":{"@id":"https:\/\/balanse.info\/akupunktur\/#\/schema\/logo\/image\/"},"sameAs":["https:\/\/www.facebook.com\/balanseakupunktur","https:\/\/www.instagram.com\/balanse.akupunktur\/"]}]}},"jetpack_sharing_enabled":true,"_links":{"self":[{"href":"https:\/\/balanse.info\/akupunktur\/wp-json\/wp\/v2\/pages\/27","targetHints":{"allow":["GET"]}}],"collection":[{"href":"https:\/\/balanse.info\/akupunktur\/wp-json\/wp\/v2\/pages"}],"about":[{"href":"https:\/\/balanse.info\/akupunktur\/wp-json\/wp\/v2\/types\/page"}],"author":[{"embeddable":true,"href":"https:\/\/balanse.info\/akupunktur\/wp-json\/wp\/v2\/users\/1"}],"replies":[{"embeddable":true,"href":"https:\/\/balanse.info\/akupunktur\/wp-json\/wp\/v2\/comments?post=27"}],"version-history":[{"count":2,"href":"https:\/\/balanse.info\/akupunktur\/wp-json\/wp\/v2\/pages\/27\/revisions"}],"predecessor-version":[{"id":55,"href":"https:\/\/balanse.info\/akupunktur\/wp-json\/wp\/v2\/pages\/27\/revisions\/55"}],"wp:attachment":[{"href":"https:\/\/balanse.info\/akupunktur\/wp-json\/wp\/v2\/media?parent=27"}],"curies":[{"name":"wp","href":"https:\/\/api.w.org\/{rel}","templated":true}]}}